0
In base 15, what is b744 + -39?
b70a
In base 11, what is 1305 - 120?
1195
In base 16, what is 3 - 12d77?
-12d74
In base 12, what is -ab46 + 3?
-ab43
In base 12, what is -95049 - -4?
-95045
In base 9, what is -6 + 46448?
46442
In base 10, what is 3 - -359534?
359537
In base 8, what is 2 + 453070?
453072
In base 14, what is -458 + 74?
-3c4
In base 6, what is 0 + -23050?
-23050
In base 6, what is -4031333 - -14?
-4031315
In base 5, what is -443 + 4142?
3144
In base 3, what is -1010210 - 110100?
-1121010
In base 8, what is 4355 - -311?
4666
In base 2, what is 11 + 1100110000001101?
1100110000010000
In base 9, what is 16214 - 0?
16214
In base 7, what is -5 + 31263?
31255
In base 14, what is 4 + -1b36?
-1b32
In base 15, what is -39b - -4c?
-34e
In base 13, what is -7ab929 + -3?
-7ab92c
In base 2, what is -100011 - -10101010111?
10100110100
In base 12, what is -a63 - -300?
-763
In base 6, what is -10421 - -3142?
-3235
In base 5, what is -3322141 - 3?
-3322144
In base 11, what is 11 + -4300?
-429a
In base 2, what is -11 + 111010010110?
111010010011
In base 14, what is 65 + -d1?
-6a
In base 2, what is -10110011101 - -110001?
-10101101100
In base 4, what is 100003 + -20322?
13021
In base 2, what is 110011 - 10011101?
-1101010
In base 13, what is 5a911 + 1?
5a912
In base 2, what is -11 + -1101010101000010111?
-1101010101000011010
In base 3, what is 21201200 + 21?
21201221
In base 7, what is -10300 + 212?
-10055
In base 15, what is -17e7 + 136?
-16b1
In base 7, what is 116 + -241?
-122
In base 2, what is 10101110 + -10011100?
10010
In base 16, what is c7 - -1ff?
2c6
In base 14, what is 68b2 + 6?
68b8
In base 2, what is -1101010 + -11011111011?
-11101100101
In base 14, what is -22 - 1c07b?
-1c09d
In base 10, what is -2 + 1321876?
1321874
In base 11, what is 163 + 23?
186
In base 16, what is -a - 8b142?
-8b14c
In base 3, what is 200 - 120?
10
In base 4, what is -3 + 1011002?
1010333
In base 8, what is 23610 + -10?
23600
In base 4, what is 3 - 3303122?
-3303113
In base 2, what is 1011011111111101101 + 0?
1011011111111101101
In base 2, what is -100001000110100011000 + -101?
-100001000110100011101
In base 14, what is -6 - -5295?
528d
In base 14, what is -2c + 3cc4?
3c96
In base 4, what is 1002211220 + 0?
1002211220
In base 11, what is 184 + -21a6?
-2022
In base 14, what is -4 - 9aca?
-9ad0
In base 4, what is -101011 + 103?
-100302
In base 10, what is 2636 - -55?
2691
In base 12, what is -481830 + 5?
-481827
In base 14, what is -67 + -255?
-2bc
In base 6, what is 22443345 + 3?
22443352
In base 12, what is 206 + -5488?
-5282
In base 3, what is -210 + -2211012?
-2211222
In base 5, what is 10 - -1022?
1032
In base 16, what is 22b7 - -1e?
22d5
In base 11, what is 2692 - 5?
2688
In base 3, what is -202210202 - -1002?
-202202200
In base 13, what is 1 + -a4123?
-a4122
In base 15, what is ddb + 1a?
e06
In base 7, what is -256625 - -1?
-256624
In base 6, what is -115213 + 3?
-115210
In base 5, what is 1042 + 3202?
4244
In base 4, what is -3232221 + 321?
-3231300
In base 11, what is -19 + -104?
-122
In base 8, what is -24 - -473?
447
In base 9, what is 22 - 37762?
-37740
In base 15, what is -1978 + 1a?
-195d
In base 3, what is -1122000 - 102?
-1122102
In base 15, what is -2c5a + d?
-2c4c
In base 8, what is 46030 + 14?
46044
In base 12, what is 1257 + 71?
1308
In base 2, what is 100010111 + 10100110?
110111101
In base 6, what is -1 - 15353104?
-15353105
In base 13, what is 64 - 2387a?
-23816
In base 11, what is -649 - 39a?
-a38
In base 6, what is -531 + -2254?
-3225
In base 7, what is 163 - 532?
-336
In base 15, what is 6 - 1b42?
-1b3b
In base 13, what is -45959 - 5?
-45961
In base 6, what is 5 - -3002014?
3002023
In base 8, what is -54322 + 4?
-54316
In base 11, what is 22 - 21a?
-1a8
In base 13, what is -4 - -7c11c?
7c118
In base 8, what is -4222 + 2?
-4220
In base 5, what is 14 + 130300?
130314
In base 12, what is 8 - -2425b?
24267
In base 15, what is -ec70 - 2?
-ec72
In base 15, what is -2e + 2318?
22d9
In base 12, what is 8 + a869?
a875
In base 6, what is -43 - -1350004?
1345521
In base 4, what is -10002 - -103233?
33231
In base 3, what is -1 - -120220120?
120220112
In base 3, what is -22220 - -21202?
-1011
In base 16, what is 3 + 3863f?
38642
In base 5, what is -203444 - 4?
-204003
In base 10, what is -5 + 147246?
147241
In base 10, what is 6287 - 39?
6248
In base 13, what is -1638 + -4a?
-1685
In base 2, what is -10000000100111011 + 101?
-10000000100110110
In base 8, what is -64 - -11732?
11646
In base 13, what is 136 + 36?
16c
In base 12, what is 1 + 106b2?
106b3
In base 11, what is 13 - 7a1?
-789
In base 10, what is 5 - 238306?
-238301
In base 16, what is 50 - c18?
-bc8
In base 13, what is 14 - -b52?
b66
In base 2, what is 1111110000101110 + 0?
1111110000101110
In base 9, what is -145182 - -3?
-145178
In base 15, what is 7 + -7c1?
-7b9
In base 6, what is 324 - -3330?
4054
In base 8, what is -2514 + 74?
-2420
In base 5, what is -1032313312 - 0?
-1032313312
In base 6, what is 2445012 + -5?
2445003
In base 12, what is -134a2 - -7?
-13497
In base 11, what is 399 - 426?
-38
In base 6, what is -33 + -23043?
-23120
In base 2, what is -1110 + -100001000111?
-100001010101
In base 9, what is -21 - -40052?
40031
In base 2, what is -10001111100100110 + 0?
-10001111100100110
In base 3, what is 2111110 + 10210?
2122020
In base 15, what is 0 + -1a6994?
-1a6994
In base 6, what is -333443 + -3?
-333450
In base 3, what is -1020 + 200121022?
200120002
In base 4, what is 1 + 131102?
131103
In base 9, what is 6 + -283008?
-283002
In base 2, what is -10001010000 - 10?
-10001010010
In base 15, what is 124 - 2185?
-2061
In base 9, what is 1 + 235222?
235223
In base 12, what is 1032380 + -2?
103237a
In base 15, what is -18 - -1285e?
12846
In base 7, what is 3 - -211632?
211635
In base 8, what is -2656 - -1073?
-1563
In base 5, what is -120203110 + -1?
-120203111
In base 15, what is 2 + 5e3?
5e5
In base 14, what is 509 + -44b?
9c
In base 15, what is 3e9d - -7c?
402a
In base 3, what is 1101102 + 1100?
1102202
In base 9, what is -5870 + -174?
-6154
In base 11, what is 1 - -2240?
2241
In base 11, what is 222028 - 0?
222028
In base 13, what is -12b19 - -56?
-12a93
In base 11, what is 5 + 1839?
1843
In base 14, what is 26 - -cc0?
d06
In base 5, what is 304433412 + 2?
304433414
In base 10, what is -12 + 11128?
11116
In base 8, what is -2 - 46744?
-46746
In base 5, what is 123 - -2302?
2430
In base 16, what is -4807c - -2?
-4807a
In base 12, what is 5 + 47229a?
4722a3
In base 16, what is -4277 - 6e?
-42e5
In base 11, what is -1575 + 138?
-1438
In base 3, what is -20 + -122120012?
-122120102
In base 6, what is 53352 + -5?
53343
In base 16, what is -15 - -4fb?
4e6
In base 11, what is -76 + 27348?
27282
In base 11, what is -3912958 + 0?
-3912958
In base 12, what is 14 - 239?
-225
In base 2, what is 1100110110 + -10110000?
1010000110
In base 5, what is -220143 - -20?
-220123
In base 5, what is -101224 - 104?
-101333
In base 12, what is -6 + -213270?
-213276
In base 9, what is 4822 - -171?
5103
In base 5, what is 1344 - -202011?
203410
In base 16, what is -55c - -2a?
-532
In base 10, what is -54 - 632?
-686
In base 14, what is 4 + 11840?
11844
In base 4, what is 33111220221 + -1?
33111220220
In base 10, what is -820 + 177?
-643
In base 9, what is -108 + 413?
304
In base 3, what is 212001122 - -11?
212001210
In base 8, what is -10653 + -1036?
-11711
In base 12, what is -183a + -3?
-1841
In base 10, what is -49843 + 2?
-49841
In base 10, what is 42677 - -1?
42678
In base 8, what is 21161 + -40?
21121
In base 16, what is 1d2 - -2e?
200
In base 9, what is 136735 - 1?
136734
In base 7, what is -34 + 101654?
101620
In base 2, what is 0 - 1000011000111011111?
-1000011000111011111
In base 3, what is 0 - -1122022012?
1122022012
In base 9, what is -1281556 + 1?
-1281555
In base 13, what is 2 - -3a48?
3a4a
In base 16, what is 56 + -a76?
-a20
In base 16, what is 873 - 8c?
7e7
In base 5, what is 1 + 404324?
404330
In base 16, what is -4d88 + 4?
-4d84
In base 9, what is 63 + 72?
145
In base 10, what is 201 - 6364?
-6163
In base 8, what is -6410 - -16?
-6372
In base 5, what is 4 + -4223023?
-4223014
In base 7, what is 5 + -1450522?
-1450514
In base 8, what is -64100 - 23?
-64123
In base 14, what is 7 - -17a?